{"id":8818,"date":"2023-05-28T17:35:30","date_gmt":"2023-05-28T14:35:30","guid":{"rendered":"https:\/\/caffediverso.com\/?post_type=product&#038;p=8818"},"modified":"2025-02-10T01:43:51","modified_gmt":"2025-02-09T22:43:51","slug":"uganda","status":"publish","type":"product","link":"https:\/\/caffediverso.com\/index.php\/urun\/uganda\/","title":{"rendered":"Uganda"},"content":{"rendered":"\t\t<div data-elementor-type=\"wp-post\" data-elementor-id=\"8818\" class=\"elementor elementor-8818\">\n\t\t\t\t\t\t<section class=\"wd-negative-gap elementor-section elementor-top-section elementor-element elementor-element-8fd4d00 elementor-section-boxed elementor-section-height-default elementor-section-height-default\" data-id=\"8fd4d00\" data-element_type=\"section\">\n\t\t\t\t\t\t<div class=\"elementor-container elementor-column-gap-default\">\n\t\t\t\t\t<div class=\"elementor-column elementor-col-100 elementor-top-column elementor-element elementor-element-bbd7602\" data-id=\"bbd7602\" data-element_type=\"column\">\n\t\t\t<div class=\"elementor-widget-wrap elementor-element-populated\">\n\t\t\t\t\t\t<div class=\"elementor-element elementor-element-35d7267 elementor-widget elementor-widget-wd_text_block\" data-id=\"35d7267\" data-element_type=\"widget\" data-widget_type=\"wd_text_block.default\">\n\t\t\t\t<div class=\"elementor-widget-container\">\n\t\t\t\t\t<div class=\"wd-text-block reset-last-child text-left\">\n\t\t\t\n\t\t\t<div class=\"flex-1 overflow-hidden\" style=\"caret-color: #000000; color: #000000; font-style: normal; font-variant-caps: normal; white-space: normal;\"><div class=\"react-scroll-to-bottom--css-zaqde-79elbk h-full dark:bg-gray-800\"><div class=\"react-scroll-to-bottom--css-zaqde-1n7m0yu\"><div class=\"flex flex-col text-sm dark:bg-gray-800\"><div class=\"group w-full text-gray-800 dark:text-gray-100 border-b border-black\/10 dark:border-gray-900\/50 bg-gray-50 dark:bg-[#444654]\"><div class=\"flex p-4 gap-4 text-base md:gap-6 md:max-w-2xl lg:max-w-xl xl:max-w-3xl md:py-6 lg:px-0 m-auto\"><div class=\"relative flex w-[calc(100%-50px)] flex-col gap-1 md:gap-3 lg:w-[calc(100%-115px)]\"><div class=\"flex flex-grow flex-col gap-3\"><div class=\"min-h-[20px] flex flex-col items-start gap-4 whitespace-pre-wrap break-words\"><div class=\"markdown prose w-full break-words dark:prose-invert light\"><p>Uganda, Do\u011fu Afrika'da yer alan ve kahve \u00fcretimiyle tan\u0131nan bir \u00fclkedir. \u0130\u015fte Uganda kahvesi hakk\u0131nda baz\u0131 \u00f6nemli bilgiler:<\/p><ol><li>Yeti\u015fme Ko\u015fullar\u0131: Uganda, farkl\u0131 iklim b\u00f6lgelerine sahip oldu\u011fu i\u00e7in \u00e7e\u015fitli kahve yeti\u015ftirme ko\u015fullar\u0131na sahiptir. Da\u011fl\u0131k b\u00f6lgeler, volkanik topraklar ve tropikal iklim, kahvenin sa\u011fl\u0131kl\u0131 bir \u015fekilde b\u00fcy\u00fcmesi ve olgunla\u015fmas\u0131 i\u00e7in uygun ortamlar sa\u011flar.<\/li><li>Kahve \u00c7e\u015fitleri: Uganda'da, hem Arabica hem de Robusta kahve \u00e7e\u015fitleri yeti\u015fir. Arabica \u00e7e\u015fitleri, daha y\u00fcksek kalite ve \u00e7e\u015fitli tat profilleri sunabilen kahve \u00e7ekirdeklerine sahiptir. Robusta \u00e7e\u015fitleri ise daha g\u00fc\u00e7l\u00fc ve ac\u0131 bir tat profiline sahiptir ve genellikle espresso ve kahve kar\u0131\u015f\u0131mlar\u0131nda kullan\u0131l\u0131r.<\/li><li>Tat Profili: Uganda kahvesinin tat profili \u00e7e\u015fitlilik g\u00f6sterebilir. Arabica \u00e7e\u015fitleri genellikle tatl\u0131, meyvemsi ve \u00e7i\u00e7eksi tat notalar\u0131yla karakterizedir. Robusta \u00e7e\u015fitleri ise daha yo\u011fun, ac\u0131ms\u0131 ve toprakl\u0131 bir tad\u0131 tercih eden kahve severlere hitap eder.<\/li><li>\u0130\u015fleme Metotlar\u0131: Uganda'da kahve i\u015fleme y\u00f6ntemleri genellikle y\u0131kanm\u0131\u015f (washed), do\u011fal (natural) ve yar\u0131 y\u0131kanm\u0131\u015f (semi-washed) olarak kullan\u0131l\u0131r. Y\u0131kanm\u0131\u015f i\u015fleme, kahvenin temiz bir tat profili, parlak asidite ve belirgin tat notalar\u0131 geli\u015ftirmesini sa\u011flar. Do\u011fal i\u015fleme, kahvenin meyvemsi tat notalar\u0131n\u0131 ve dolgun bir g\u00f6vdeyi ortaya \u00e7\u0131kar\u0131rken, yar\u0131 y\u0131kanm\u0131\u015f i\u015fleme ise bu iki y\u00f6ntemin bir kombinasyonudur.<\/li><li>S\u00fcrd\u00fcr\u00fclebilirlik: Uganda, kahve \u00fcretiminde s\u00fcrd\u00fcr\u00fclebilir tar\u0131m uygulamalar\u0131n\u0131 te\u015fvik etmektedir. \u00c7ift\u00e7ilere e\u011fitim, kaynak y\u00f6netimi ve kalite kontrol\u00fc konular\u0131nda destek sa\u011flan\u0131r. Ayn\u0131 zamanda, adil ticaret uygulamalar\u0131 da kahve \u00fcreticilerinin daha iyi ya\u015fam standartlar\u0131na ula\u015fmas\u0131na yard\u0131mc\u0131 olur.<\/li><\/ol><p>Uganda, kahve \u00fcretimi ve ihracat\u0131yla \u00f6nemli bir ekonomik rol oynar. Kahve sekt\u00f6r\u00fc, \u00fclkenin istihdam yaratmas\u0131na, gelir elde etmesine ve k\u0131rsal kalk\u0131nmay\u0131 desteklemesine yard\u0131mc\u0131 olur. Uganda kahvesi, farkl\u0131 tat profilleri ve \u00e7e\u015fitlilik sunan bir se\u00e7enek olarak kahve severler aras\u0131nda pop\u00fclerlik kazanm\u0131\u015ft\u0131r.<\/p><\/div><\/div><\/div><\/div><\/div><\/div><\/div><\/div><\/div><\/div><p style=\"caret-color: #000000; color: #000000; font-style: normal; font-variant-caps: normal; white-space: normal;\">B\u00fct\u00fcn sipari\u015fleriniz taze kavrulur, \u00f6zenle paketlenir ve size g\u00f6nderilir.<\/p>\n\t\t\t\t\t<\/div>\n\t\t\t\t<\/div>\n\t\t\t\t<\/div>\n\t\t\t\t\t<\/div>\n\t\t<\/div>\n\t\t\t\t\t<\/div>\n\t\t<\/section>\n\t\t\t\t<\/div>\n\t\t","protected":false},"excerpt":{"rendered":"<p>Tad\u0131m Notalar\u0131:<\/p>\n<p>Rak\u0131m: 2200 &#8211; 2400m<\/p>\n<div class=\"flex-1 overflow-hidden\">\n<div class=\"react-scroll-to-bottom--css-zaqde-79elbk h-full dark:bg-gray-800\">\n<div class=\"react-scroll-to-bottom--css-zaqde-1n7m0yu\">\n<div class=\"flex flex-col text-sm dark:bg-gray-800\">\n<div class=\"group w-full text-gray-800 dark:text-gray-100 border-b border-black\/10 dark:border-gray-900\/50 bg-gray-50 dark:bg-[#444654]\">\n<div class=\"flex p-4 gap-4 text-base md:gap-6 md:max-w-2xl lg:max-w-xl xl:max-w-3xl md:py-6 lg:px-0 m-auto\">\n<div class=\"relative flex w-[calc(100%-50px)] flex-col gap-1 md:gap-3 lg:w-[calc(100%-115px)]\">\n<div class=\"flex flex-grow flex-col gap-3\">\n<div class=\"min-h-[20px] flex flex-col items-start gap-4 whitespace-pre-wrap break-words\">\n<div class=\"markdown prose w-full break-words dark:prose-invert light\"><\/div>\n<\/div>\n<\/div>\n<\/div>\n<\/div>\n<\/div>\n<\/div>\n<\/div>\n<\/div>\n<\/div>\n","protected":false},"featured_media":8888,"comment_status":"open","ping_status":"closed","template":"","meta":{"_joinchat":[]},"product_cat":[20],"product_tag":[],"class_list":{"0":"post-8818","1":"product","2":"type-product","3":"status-publish","4":"has-post-thumbnail","6":"product_cat-kahveler","8":"first","9":"instock","10":"taxable","11":"shipping-taxable","12":"purchasable","13":"product-type-variable","14":"has-default-attributes"},"_links":{"self":[{"href":"https:\/\/caffediverso.com\/index.php\/wp-json\/wp\/v2\/product\/8818","targetHints":{"allow":["GET"]}}],"collection":[{"href":"https:\/\/caffediverso.com\/index.php\/wp-json\/wp\/v2\/product"}],"about":[{"href":"https:\/\/caffediverso.com\/index.php\/wp-json\/wp\/v2\/types\/product"}],"replies":[{"embeddable":true,"href":"https:\/\/caffediverso.com\/index.php\/wp-json\/wp\/v2\/comments?post=8818"}],"version-history":[{"count":7,"href":"https:\/\/caffediverso.com\/index.php\/wp-json\/wp\/v2\/product\/8818\/revisions"}],"predecessor-version":[{"id":8896,"href":"https:\/\/caffediverso.com\/index.php\/wp-json\/wp\/v2\/product\/8818\/revisions\/8896"}],"wp:featuredmedia":[{"embeddable":true,"href":"https:\/\/caffediverso.com\/index.php\/wp-json\/wp\/v2\/media\/8888"}],"wp:attachment":[{"href":"https:\/\/caffediverso.com\/index.php\/wp-json\/wp\/v2\/media?parent=8818"}],"wp:term":[{"taxonomy":"product_cat","embeddable":true,"href":"https:\/\/caffediverso.com\/index.php\/wp-json\/wp\/v2\/product_cat?post=8818"},{"taxonomy":"product_tag","embeddable":true,"href":"https:\/\/caffediverso.com\/index.php\/wp-json\/wp\/v2\/product_tag?post=8818"}],"curies":[{"name":"wp","href":"https:\/\/api.w.org\/{rel}","templated":true}]}}